Calculate the greatest common factor of s and 272.
68
Suppose -525 = -34*h + 29*h. Calculate the greatest common factor of 385 and h.
35
Suppose d = c - d - 40, 5*c + 2*d = 140. Calculate the greatest common divisor of 255 and c.
15
Let g = -3 + 11. Suppose 5*i - 9*i = -64. Calculate the highest common factor of g and i.
8
Let s(x) be the second derivative of -x**5/20 + x**4/3 - 2*x**3/3 + 7*x**2/2 - 18*x. Let o be s(3). Calculate the highest common divisor of o and 8.
4
Let d(t) = t**3 + 34*t**2 - 39*t + 47. Let w be d(-35). What is the greatest common divisor of 17 and w?
17
Let v be (210/40)/((-24)/(-32)). Calculate the greatest common factor of 19 and v.
1
Let i(s) = -8*s**2 + 92*s + 4. Let u be i(11). Suppose 0 = -o + 4*o - 18. What is the greatest common divisor of o and u?
6
Suppose -70 = -5*h + 5*t, 5*h + 3*t - 28 = 50. What is the highest common divisor of 480 and h?
15
Suppose -9*c - 3*c + 3240 = 0. Suppose -4*n + n = -c. Calculate the highest common factor of n and 9.
9
Let a(n) = 6*n**2 - 103*n + 37. Let s be a(17). Let d = 98 - 68. Calculate the greatest common factor of d and s.
10
Let k = 1212 - 1002. What is the highest common divisor of k and 154?
14
Suppose 0 = -2*m - 9*m + 165. Suppose 0 = -9*w + m + 57. What is the highest common divisor of w and 64?
8
Let v be 4*4/((-80)/(-25)). Suppose 2*i - 2 = 0, 2*r + 3*i - v*i - 42 = 0. What is the greatest common factor of r and 33?
11
Let a(i) = -i**3 + 11*i**2 + i - 4. Suppose 115 - 16 = 9*s. Let d be a(s). What is the highest common factor of d and 7?
7
Let u = 7 - 13. Let a(q) = -8*q + 2. Let w(p) = -p**2 + 31*p - 7. Let n(f) = -9*a(f) - 2*w(f). Let v be n(u). Calculate the highest common divisor of v and 32.
8
Let w(h) = -5*h + 7*h - 9*h. Let s be w(-4). Let y = 5 - 1. Calculate the highest common factor of y and s.
4
Let s be 102*1/(24/32). Calculate the highest common factor of s and 340.
68
Let w = -542 - -632. What is the highest common factor of 30 and w?
30
Let s be 6/132*4 - 42/(-11). Suppose -s*w = -2*p - 528, -4*w - 4*p + 516 = -3*p. Calculate the highest common divisor of 13 and w.
13
Let a = -17 - -21. Suppose -a*w = -34 - 22. Let v(l) = -l**3 + 1. Let j be v(-3). Calculate the greatest common divisor of w and j.
14
Let f(t) = 2*t**3 + 27*t**2 - 35*t - 114. Let g be f(-14). What is the highest common divisor of g and 468?
36
Suppose 2*t - 16 = -3*y + y, 2*t = y - 8. Let p be -3*-6*68/y. What is the highest common factor of p and 17?
17
Let n(l) = 4*l - 59. Let g be n(16). Let b(h) = -4*h**3 - 4*h**2 - h + 2. Let r be b(-2). What is the highest common divisor of g and r?
5
Suppose -396 = -16*v + 11*v + 3*i, 0 = -v + 5*i + 88. What is the greatest common factor of 3120 and v?
78
Let n(z) = -2*z - 16. Let h(y) = y**2 - 6*y - 6. Let v be h(5). Let q be n(v). Suppose 2*x - q = -x. What is the greatest common factor of 2 and x?
2
Let k = 422 + -298. What is the greatest common factor of k and 31?
31
Let k be 2505/93 - (-8)/124. Let w be 17 - 4/4*-1. Calculate the greatest common factor of k and w.
9
Let z be -2 + 3*(-20)/(-3). Suppose z*c - 13*c = 135. Let j(b) = -2*b**3 + b**2 + b. Let f be j(-2). What is the greatest common divisor of f and c?
9
Let s be (3/9)/(8/24). Let w = 62 + -54. Calculate the greatest common divisor of s and w.
1
Let v(s) = -s**3 + 10*s**2 + 32. Let c be v(10). What is the highest common factor of c and 112?
16
Let t(v) = 4*v - 11. Let n be t(6). Suppose n*w = 8*w + 85. What is the highest common divisor of 119 and w?
17
Let k = 338 - -17. Calculate the highest common factor of 71 and k.
71
Suppose 31 = -3*s + 13. Let l be -4*s/12*17/2. What is the greatest common divisor of l and 289?
17
Let t be (158 - 34) + 0 + (-2 - -2). Calculate the highest common divisor of t and 31.
31
Let i = -168 - -113. Let w = i - -91. Calculate the greatest common factor of 180 and w.
36
Let z(b) = -22*b**3 - b**2 - 14*b - 13. Let a be z(-1). Calculate the highest common factor of a and 517.
11
Let g = 87 + -51. Let l be (-9)/g - 58/(-8). Suppose 16 = 7*w - 33. What is the greatest common divisor of l and w?
7
Let j(q) = -70*q. Let h be j(6). Let v be (h/(-18))/(1/3). Suppose -a = o - v, o = -3*a - 4*o + 218. Calculate the greatest common factor of a and 6.
6
Let k(o) = o**2 - 6*o - 5. Let h(b) = -b**2 + 9*b - 1. Let a be h(8). Let r be k(a). Suppose 2*n = 10 - r. What is the greatest common factor of n and 36?
4
Suppose 5*s = 7*s, s + 576 = 4*g. What is the highest common divisor of 18 and g?
18
Suppose 21*h - 2484 = -15*h. Calculate the highest common factor of 1725 and h.
69
Suppose -5*l + 48 = -l. Let q = l + 0. Let v be (-204)/(-2) + (9 + 2 - 5). Calculate the highest common factor of v and q.
12
Suppose -2 - 3 = -4*v - 3*j, 5*v - 5*j = 15. Suppose 4*h - 5*q = 37, v*h = -q + 3 + 12. What is the highest common divisor of h and 40?
8
Let n(u) = 32*u - 107. Let m be n(4). What is the highest common factor of m and 42?
21
Let c be 1*127 - (11 - 14). Let a = 199 - c. Suppose t - 23 = -0*t. Calculate the greatest common divisor of t and a.
23
Suppose -3*u - 2*h = -994, 959 = 5*u - 2*u - 5*h. Calculate the highest common factor of 41 and u.
41
Let g(h) = -h**3 + 5*h**2 - 5*h + 2. Let r be g(3). Calculate the highest common factor of 6 and r.
1
Suppose -5*h - 2 = -4*h, h + 26 = t. Let o = -16 + t. Let l be ((-4)/10 + 2)*5. Calculate the greatest common divisor of l and o.
8
Suppose 2*p - 132 = -3*s, 6*s - s - 340 = -5*p. Suppose 0 = -5*d + 4*g + 64, 21*g - 12 = 23*g. What is the greatest common divisor of d and p?
8
Suppose l + 3*j = 0, -j = -0*l - 5*l + 16. Suppose 3*s = l*z + 195, -3*s = 3*z - 307 + 94. Calculate the greatest common factor of s and 17.
17
Suppose -2*n + 3 + 39 = 0. Let z(u) = 2*u - 9. Let y be z(8). Suppose -2*s - y = -13. What is the highest common divisor of n and s?
3
Let b(j) = -3*j**3 - 3*j**2 - j - 1. Let h be b(-2). Let k = -1272 - -1363. Calculate the greatest common factor of k and h.
13
Let k(s) = -s**3 + 6*s**2 - 5*s + 4. Let q be k(6). Let x = -16 - q. What is the highest common divisor of x and 10?
10
Let i(k) = k**3 - 14*k**2 + 12*k + 19. Let w be i(13). Suppose 5*j = -5*d + 235, 0 = d + 4*j - 19 - 43. Calculate the greatest common factor of d and w.
6
Suppose -y + 3 = g, 0 = 2*g - 5*g + 2*y + 4. Suppose g = -3*v + v, -3*c + 297 = -3*v. What is the highest common divisor of c and 14?
14
Suppose -10*k = -5*k - 50. Suppose -32 = -0*r - 2*r + 4*t, -5*r + 5*t = -65. Let d = r + -6. What is the highest common divisor of k and d?
2
Let m be (-36 - -4)/(-4) - -5. Suppose 2*f = 3*p - 152, 0 = -3*p - 0*f + 3*f + 150. Calculate the greatest common divisor of p and m.
13
Suppose -30 = -5*v - 0. Let h be -2 + (29 - -2)*-2. Let r = -28 - h. Calculate the highest common factor of r and v.
6
Let o be -2*((-46)/(-207) - 436/18). What is the greatest common factor of o and 18?
6
Let p = 1521 + -494. Calculate the highest common factor of 158 and p.
79
Let p(r) = 11*r**2 - 14*r + 10. Let d be p(7). Calculate the highest common divisor of d and 22.
11
Let w = 28 + -18. Let o = -290 - -446. Suppose o = 5*i + 3*p, 0*p + 6 = 3*p. Calculate the highest common divisor of i and w.
10
Let x(k) = 4*k**3 + 1 + 6 - 9*k**2 + 18*k - 3*k**3 - 2*k. Let f be x(7). Calculate the highest common divisor of f and 63.
21
Suppose -1344 = 10*l - 13*l. What is the highest common divisor of l and 84?
28
Let h(f) = -f - 7. Let s be h(-3). Let z be 16/s - (0 + -85). What is the highest common divisor of z and 9?
9
Let v be 1566/3 - (-20)/(-5). Calculate the highest common factor of v and 14.
14
Let c(v) = v**3 - 3*v + 17. Let f be c(0). Let z = f + 8. What is the highest common divisor of 100 and z?
25
Let f be ((-52)/(-4) + 12)*6/15. What is the highest common divisor of f and 790?
10
Suppose 249*t = 257*t - 544. What is the greatest common factor of t and 544?
68
Suppose 14*a - 417 - 1991 = 0. What is the greatest common divisor of 4 and a?
4
Let o be (516/10)/(26/845). Calculate the greatest common divisor of o and 39.
39
Let b(x) = x**3 + 6*x**2 + 3*x + 12. Let n be b(-6). Let m be 33/((-2)/(4 + n)). What is the greatest common divisor of m and 264?
33
Let d(t) = -t**2 - 2*t + 3*t - t**3 + 13 + 11. Let r be d(0). Suppose -5*j = -3*p - 2*p - 20, 4 = 2*j - 4*p. What is the hig